-a8648
-2c208 (base 13) to base 8
-243570
2225122 (base 6) to base 9
181385
What is -263264 (base 8) in base 14?
-25672
What is -101001001010100000011 (base 2) in base 3?
-2112112022001
Convert 42112200 (base 7) to base 3.
20200022221120
Convert 11431111143 (base 5) to base 12.
4648a31
12658a (base 12) to base 10
301498
What is -1101010001011000100011 (base 2) in base 14?
-667c55
What is 350496 (base 13) in base 15?
19c8c3
6016345 (base 7) to base 3
1100002200001
-217717 (base 9) to base 4
-133310221
Convert -11001000010001101 (base 2) to base 16.
-1908d
Convert -1001001101011000101 (base 2) to base 5.
-34124030
What is 40213014 (base 5) in base 7?
2501146
Convert -aa0fd (base 16) to base 14.
-141bd3
Convert -10001011100010010111 (base 2) to base 4.
-2023202113
1a71b (base 14) to base 7
400034
What is 866db (base 15) in base 14?
b1782
What is 101220211201020 (base 3) in base 9?
11824636
What is -1002010222101 (base 3) in base 10?
-573706
What is -673765 (base 10) in base 4?
-2210133211
-11d3e77 (base 15) to base 2
-110000111010010000001000
Convert 53154 (base 11) to base 10.
77378
What is -60124211 (base 7) in base 9?
-10305718
Convert -474691 (base 10) to base 14.
-c4dc7
Convert 423552030 (base 6) to base 13.
1714548
Convert 14404c (base 15) to base 8.
3561127
Convert 1011010122 (base 3) to base 16.
58a9
-85817 (base 14) to base 7
-2512430
What is 5561454 (base 7) in base 4?
2213302200
What is -362060 (base 9) in base 11?
-139895
Convert -11a6b4 (base 15) to base 10.
-845269
What is -111110000101100 (base 2) in base 15?
-9643
What is 442444314 (base 5) in base 2?
111010101001100101010
What is 249122 (base 12) in base 8?
2214552
What is -12317 (base 12) in base 9?
-36721
48c45 (base 14) to base 13
63057
What is -103100010320 (base 4) in base 12?
-1834588
What is 20302241 (base 5) in base 10?
165946
95787 (base 13) to base 2
1000001110000010000
24344031 (base 8) to base 7
63361530
-805280 (base 9) to base 16
-7446f
Convert -1006003 (base 7) to base 13.
-42646
13510006 (base 8) to base 6
145223234
-177a07 (base 13) to base 15
-b949b
Convert -693660 (base 13) to base 12.
-a024b6
431552350 (base 6) to base 4
131023320222
-133446 (base 7) to base 5
-1302034
Convert 143a257 (base 13) to base 11.
3695524
What is 1b7824a (base 13) in base 11?
5175782
Convert -89cc (base 16) to base 14.
-cbda
What is 34456 (base 16) in base 7?
1551130
Convert -13a0a (base 16) to base 15.
-18c49
1061352 (base 7) to base 5
13220312
Convert -221521415 (base 7) to base 14.
-1ac5645
What is 21a3a7 (base 11) in base 9?
583751
Convert -8672604 (base 9) to base 11.
-2699434
Convert -1166760 (base 8) to base 10.
-323056
What is 74e69a (base 16) in base 2?
11101001110011010011010
What is 168773 (base 9) in base 16?
199b0
-1011110010010111010110 (base 2) to base 5
-1242334003
Convert -130a6a2 (base 11) to base 10.
-2268862
What is 11110100101111001000011 (base 2) in base 8?
36457103
Convert -1450355 (base 6) to base 11.
-58442
What is -4117086 (base 10) in base 6?
-224124330
Convert -195899 (base 10) to base 16.
-2fd3b
Convert 202000 (base 15) to base 9.
2774530
-230550141 (base 6) to base 9
-7878267
-89c2b (base 14) to base 8
-1215117
e91c5 (base 16) to base 14
1abd77
What is -773130 (base 8) in base 13?
-9126a
101001100000001101100100 (base 2) to base 12
3788258
-610412 (base 7) to base 12
-4ba48
-1320224023 (base 5) to base 8
-14430257
114154034 (base 6) to base 15
2ca5cd
-12224335 (base 7) to base 16
-10c432
1011212120000112 (base 3) to base 10
16938329
1000111101111101001100010 (base 2) to base 3
1022101111220011
Convert -55cb1 (base 14) to base 5.
-23131212
Convert -10002210121212 (base 3) to base 16.
-192b2d
What is 124170 (base 8) in base 7?
236511
What is -627daf (base 16) in base 13?
-144cc68
Convert -22032122232 (base 4) to base 3.
-12001011221120
Convert -221021 (base 5) to base 3.
-101110211
What is -51049 (base 15) in base 14?
-69705
ca497 (base 14) to base 9
825231
204149 (base 15) to base 3
2212212020220
-14ad5a (base 15) to base 7
-11326321
Convert -204414101 (base 6) to base 15.
-4aa757
-145c91 (base 14) to base 15
-dea42
-1051356 (base 7) to base 4
-133302021
Convert -110202112210 (base 3) to base 5.
-31014200
What is 143314550 (base 7) in base 16?
90721a
Convert 11302321 (base 5) to base 7.
610431
Convert -ec50 (base 16) to base 8.
-166120
What is 25338c (base 13) in base 5?
212030410
Convert 237a4a (base 11) to base 9.
633541
What is c30292 (base 13) in base 7?
53413660
17014060 (base 8) to base 12
139b180
Convert -231002110 (base 4) to base 16.
-2d094
-355514 (base 11) to base 6
-20025225
What is -1446744 (base 8) in base 5?
-101210111
Convert 42a01 (base 15) to base 12.
a2491
What is 3493448 (base 11) in base 7?
102544135
42510 (base 11) to base 9
103743
What is -110000010000101100001 (base 2) in base 8?
-6020541
What is 54041 (base 10) in base 8?
151431
What is 171b95 (base 12) in base 14?
a4b85
What is 46220a (base 13) in base 2?
110010101100101100000
What is -12802c (base 15) in base 10?
-887667
-376464 (base 8) to base 7
-1052022
Convert -1372030 (base 10) to base 6.
-45223554
What is -1230112121 (base 4) in base 6?
-13302345
What is -100100000001000100101111 (base 2) in base 4?
-210001010233
Convert -145547 (base 10) to base 8.
-434213
-2202300 (base 6) to base 11
-75219
What is 49405 (base 10) in base 2?
1100000011111101
662354 (base 8) to base 4
312103230
What is -22440222 (base 7) in base 12?
-7a5a56
2748604 (base 9) to base 11
940639
What is 4272055 (base 8) in base 10?
1143853
What is -38aac (base 14) in base 2?
-100010000000110000
2242c (base 13) to base 16
f316
Convert -2506424 (base 8) to base 15.
-d9d36
Convert 152252152 (base 6) to base 9.
6008815
Convert -1687236 (base 9) to base 15.
-139866
What is -231435303 (base 6) in base 14?
-7d6647
Convert 25407a (base 11) to base 8.
1416516
3162112 (base 7) to base 12
1668b4
What is 145023 (base 7) in base 2?
110110111101111
What is 5663067 (base 8) in base 15?
204580
Convert -3393 (base 10) to base 12.
-1b69
Convert -127323 (base 8) to base 11.
-30697
Convert 24789 (base 12) to base 2.
1100000101011001
Convert 121150510 (base 7) to base 5.
3413333400
What is -2601710 (base 10) in base 3?
-11220011212122
What is 2424150 (base 6) in base 7?
1041666
18646810 (base 9) to base 5
4402420231
Convert -40220532 (base 8) to base 4.
-200102011122
What is 1120322311 (base 4) in base 12?
156931
150589 (base 12) to base 6
11323453
-8017b1 (base 13) to base 4
-23112002230
Convert -8c1dc (base 14) to base 16.
-532a6
Convert 119007 (base 14) to base 11.
380552
Convert -15145 (base 9) to base 6.
-115452
What is -ab3a (base 13) in base 11?
-16a38
11321211232 (base 4) to base 15
2083c1
What is 177090 (base 12) in base 15?
80543
11497a (base 11) to base 9
306825
35237 (base 11) to base 2
1100011010101100
Convert -60e92 (base 15) to base 2.
-1001010111101011101
-2197005 (base 10) to base 16
-21860d
What is -23232312 (base 8) in base 5?
-2243403121
Convert 77252 (base 9) to base 15.
102ae
What is 1243366 (base 7) in base 2?
100111100100101011
-20aac7 (base 13) to base 3
-1102221022112
Convert -444276 (base 10) to base 5.
-103204101
Convert 3074506 (base 9) to base 13.
457140
2333a1 (base 11) to base 7
3102103
What is 9a417 (base 11) in base 16?
238ad
-604046 (base 9) to base 5
-42413002
11110302113 (base 4) to base 16
154c97
Convert c5b4b (base 16) to base 10.
809803
39b386 (base 16) to base 14
70615c
What is 78577 (base 10) in base 15?
18437
What is 2bc7852 (base 13) in base 15?
1386eeb
-300230210 (base 4) to base 16
-30b24
13101212312 (base 4) to base 11
1092941
741266 (base 10) to base 16
b4f92
What is -2040921 (base 14) in base 3?
-1001121222102002
Convert 6467894 (base 10) to base 16.
62b136
What is 10120011121122 (base 3) in base 4?
13032021011
What is 111011110101110100 (base 2) in base 4?
323311310
1552206 (base 7) to base 12
a4153
Convert -43b57 (base 13) to base 8.
-357616
39622 (base 12) to base 15
18485
What is 692c2 (base 15) in base 11?
209565
Convert 16012332 (base 9) to base 10.
7979906
Convert -4001241 (base 5) to base 11.
-43117
What is -131422321 (base 5) in base 10?
-654711
What is 72730 (base 11) in base 15?
21639
Convert -305043 (base 7) to base 12.
-26233
12060231 (base 7) to base 16
1060d7
Wha